se -z = 30*g - 40592. What are the prime factors of g?
2, 17, 31
Let d(b) be the second derivative of 7*b**4/24 - b**3 + b**2/2 - 9*b. Let p(n) be the first derivative of d(n). What are the prime factors of p(6)?
2, 3
Let r(v) = 2*v**2 - 25*v - 12. Suppose w - 14 + 5 = p, -2*w + 10 = -4*p. Let x be r(w). What are the prime factors of (x + -5)*200/(-20)?
2, 5
Let p = -43380 + 62876. What are the prime factors of p?
2, 2437
Let g = 5477 - -7972. What are the prime factors of g?
3, 4483
What are the prime factors of ((9/90)/((-6)/(-285)))/(3/7536)?
2, 19, 157
Suppose -y - 10*f = -9*f - 4, 3*y - 4*f = -2. Suppose -y*l - 2*w = 2*w - 452, -w + 452 = 2*l. List the prime factors of l.
2, 113
Let a be (-13)/(65/(-100)) + -5. List the prime factors of -1 - (-18966)/30 - 3/a.
631
Suppose n = -n + o + 5188, 5*o - 20 = 0. What are the prime factors of n?
2, 11, 59
Suppose 0*j - 1332 = -3*j. Suppose 8*d - j = 4*d. What are the prime factors of d?
3, 37
Let u(i) = -i**3 + 9*i**2 + i - 7. Let w be u(9). Suppose w*k = 5*k - 9. Suppose -p - k*p + 236 = 0. What are the prime factors of p?
59
Let r(f) = f**2 + 29*f + 148. Let o be r(-21). Let v = 8 - 13. What are the prime factors of (-16)/o + -1 + (-601)/v?
2, 3, 5
Suppose -170*f + 6063443 + 8898087 = 0. List the prime factors of f.
17, 31, 167
Suppose 0 = -53*d + 256 - 97. Let u = -6 + 8. Suppose u*z = 3*t + 164, -d*z + 0*t + 246 = -5*t. List the prime factors of z.
2, 41
Let w(o) = 5*o**2 - 4*o - 1. Suppose 0*n = 6*n - 84. Let j = 11 - n. List the prime factors of w(j).
2, 7
Suppose -7*c = 9 + 82. Let i = 5 - c. List the prime factors of (-1822)/(-18) - ((-68)/i - -4).
101
Let o be (2/1)/(5/5). Let v be (-25)/(-20)*o/3*6. Suppose 3*j + v*p = j + 97, 5*j - 257 = 2*p. List the prime factors of j.
3, 17
Let a = -2430 + 7705. Suppose 0 = 20*b - a - 9725. List the prime factors of b.
2, 3, 5
Let q(y) be the third derivative of -y**6/120 - y**5/3 - 37*y**4/12 - 7*y**3 + 133*y**2. What are the prime factors of q(-17)?
349
Let j(m) = -21*m - 293. Let i be j(-14). List the prime factors of (78824/72 - i) + 4/18.
2, 547
Let z(v) be the second derivative of -17*v**3/3 + v**2/2 - 17*v. Let i be z(-1). Suppose 0 = -2*s + i + 37. What are the prime factors of s?
2, 3
Let c(i) = 25*i**2 + 26*i - 2. Let s be c(-1). Let n = -11 + 29. What are the prime factors of n/3 + s - -41?
2, 11
Let h(j) = 2*j**2 + 10*j - 14. Let g be h(18). Suppose -11*u - g = -0*u. Let s = u - -172. List the prime factors of s.
2, 7
Let v(n) = 467*n. Let l be v(1). Suppose 3*o - 47 = 3*s + 4, -4*o = -s - 62. Suppose -4*p = -l + o. What are the prime factors of p?
113
Suppose 645 = 6*s - 1185. List the prime factors of s/1 + 2/(-1).
3, 101
Let c(s) = 3*s - 13. Let t be c(5). Suppose 5*a + 119 = -2*b - 2*b, -2*a - t*b - 46 = 0. List the prime factors of (300/(-27)*3)/(6/a).
2, 3, 5
Let d(n) = 9*n**2 - 3*n + 2. Let j be d(1). Suppose 4*h = j*h - 3*h. Suppose h = -5*r + 4*f + 615, 0*r - 3*r + 2*f + 369 = 0. List the prime factors of r.
3, 41
Suppose 3*s + 0*s = 9. Suppose -4*a + s*t + 23 = 0, 5*a + 3*t = -2*t + 55. Suppose -a*j = -10*j + 340. What are the prime factors of j?
2, 5, 17
Suppose 25*j + 144*j = 2900040. List the prime factors of j.
2, 3, 5, 11, 13
What are the prime factors of (-8)/320*-48 - 52519/(-5)?
5, 11, 191
Suppose -5*h + 2501 + 909 = 4*k, 4*h + 2573 = 3*k. Let x be 9/(45/10) + k. Suppose -5*j = -x + 237. What are the prime factors of j?
2, 31
Let l(a) = 164*a - 6. Let t be l(4). Let q be t/6 + (-1)/(-3)*-1. Suppose -5*o + 392 = -q. What are the prime factors of o?
2, 5
Suppose -5*b = -5*f + 150, 4*f + 42 = -b - f. List the prime factors of (-16)/b*(548 - 0).
2, 137
Suppose 0 = -285*d + 300*d - 34275. Let l = -1216 + d. List the prime factors of l.
1069
Let v(t) = -t**2 + 14*t - 21. Let x be v(13). List the prime factors of (-2804)/x + (-1)/(-2).
3, 13
Let d be 0 + -3 - -3*1. Suppose 2*z = -n - 30, d = -n + z - 20 + 5. List the prime factors of 98 + n/(-5) + 3.
3, 5, 7
Let u(d) = -d**3 + 4*d**2 - 3*d + 9. Let i be u(4). Let z(o) = o**2 + 7*o + 2. Let q be z(i). Let y(p) = 3*p**2 + 12*p - 12. What are the prime factors of y(q)?
2, 3, 7
List the prime factors of 162*(60 + ((-36)/216)/(1/(-9))).
3, 41
Let a(b) = -b**3. Let u(x) = 23*x**3 + 2*x**2 + 5*x - 9. Let r(s) = 3*a(s) + u(s). What are the prime factors of r(2)?
13
Let t be 2/(-10) + 0 + 202/10. Suppose -3*d + 5*z + 0*z = -2797, 0 = -5*z + t. What are the prime factors of d?
3, 313
Let c(u) = u**3 + 12*u**2 + 13*u - 20. Let f = 7 - 17. Let z be c(f). What are the prime factors of (z/(-4))/(3/(-18))?
3, 5
Suppose 2*q = -26 - 26. List the prime factors of 4/q + 8272/26.
2, 3, 53
Let c(a) = -256*a + 15. Let j = 235 + -237. List the prime factors of c(j).
17, 31
Suppose p + 1054 = -16*p. Let j(t) = -28*t - 5. Let v be j(5). Let q = p - v. What are the prime factors of q?
83
Suppose 363*m - 3909822 = -18*m. List the prime factors of m.
2, 7, 733
Suppose -3*u = 5*a + 1036, 15*a - 10*a + 2*u = -1039. List the prime factors of (-180348)/a + (-2)/(-22).
863
Suppose x - 7058 - 28895 = 0. List the prime factors of x.
157, 229
Suppose -5*u - 3*o = -40, -2*o + 16 = 2*u + o. What are the prime factors of (6/(-15))/((48/(-4590))/u)?
2, 3, 17
Let y be 192/(-9)*(-15)/10. Let r = y + -35. List the prime factors of 768/9*r/(-2).
2
Let m(o) be the first derivative of -o**3/3 + 5*o**2/2 + 644*o + 31. What are the prime factors of m(0)?
2, 7, 23
Suppose 205*m - 4183569 = 17*m + 977595. List the prime factors of m.
3, 9151
Suppose -5*i + 368 = -3*x, i + i + 508 = -4*x. Suppose -4*b - 5*r - 896 + 53 = 0, 2*b + 419 = -5*r. Let f = x - b. What are the prime factors of f?
2, 43
Let x(y) = 5*y**3 - 522*y**2 + 211*y - 630. What are the prime factors of x(105)?
2, 3, 5, 7, 13
Let q(s) = 16*s**3 - 36*s**2 + 21*s - 17. Let j(a) = 5*a**3 - 12*a**2 + 7*a - 6. Let c(u) = 7*j(u) - 2*q(u). List the prime factors of c(6).
2, 5
Let d be (-2)/(-3)*((-621)/6)/(-23). Suppose -l + d*l = -z + 1103, -z - l = -1101. List the prime factors of z.
7, 157
Let b(t) = -55*t. Suppose 20*h = 23*h + 9. Let z be b(h). Let s = z + -111. List the prime factors of s.
2, 3
Let p(o) = 23*o**2 - o**3 - 3*o - 32 + 6*o**2 + 2*o**2 - 5*o**2 - 42*o. What are the prime factors of p(22)?
2, 457
Suppose -2*y = -8*z + 6*z + 29516, -4*y - 14761 = -z. List the prime factors of z.
3, 4919
Let i(h) = h**3 + 20*h**2 - 75*h - 7. Let a be i(-23). Let p = 115 + a. List the prime factors of p.
2, 3, 41
Let y(h) = 14*h + 130. Let p be y(16). List the prime factors of (24/4)/6*p.
2, 3, 59
Let c(o) be the first derivative of -13*o**2/2 - 201*o - 63. List the prime factors of c(-22).
5, 17
Let u(d) = -4*d**2 + 3*d + 6. Let m be u(5). Let w = -49 - m. Suppose o - 2*j = j + w, -j = 5*o - 70. List the prime factors of o.
3, 5
Let g(c) = 3*c**2 + 3*c - 3. Let r be g(1). Suppose -p - v + r*v = -423, v - 5 = 0. List the prime factors of p.
433
Suppose -342549 = -65*t + 124931. List the prime factors of t.
2, 29, 31
Suppose 0 = 67*o - 73*o + 15696. Suppose 0 = -11*s + o + 3148. What are the prime factors of s?
2, 131
Let l = 57 - 28. Suppose 5*m = -4*q - l, q - 13 = -q + 3*m. What are the prime factors of (7 + q)/((45/(-130))/(-3))?
2, 13
Let d(x) = x**3 + 70*x**2 + 54*x - 103. What are the prime factors of d(-69)?
2, 233
Suppose 8 = 4*l - 2*f - 4, 5*l - 4*f - 15 = 0. Suppose -l*i = i + 4. Let x = i + 70. List the prime factors of x.
3, 23
Suppose -l - 5*i + 25 = l, -2*l = -3*i - 1. Suppose -2*t + 4*d - 919 = -l*t, -2*t - 5*d + 622 = 0. What are the prime factors of t?
7, 43
Let h be (-4008)/14 + 14/49. Let y = h - -366. List the prime factors of y.
2, 5
List the prime factors of (1 - (-31373)/(-3))*(-14)/(28/3).
5, 3137
List the prime factors of (139 + -126)*(-206301)/(-39).
68767
Suppose g - 11892 = 4*d, -4*g + 17*d = 18*d - 47500. What are the prime factors of g?
2, 2969
Let d be 1 - (0/2)/(-4). Let f(p) = 990*p**2 + 2*p - 1. Let n be f(d). Suppose -279 + n = 4*l. List the prime factors of l.
2, 89
Let z = -11 + 15. Let t be ((-3)/(-4))/(z/48). What are the prime factors of (93/(-2))/(t/(-18))?
3, 31
Let h = 19 - -554. Let o = h - 148. List the prime factors of o.
5, 17
Let h = -4379 + 7777. List the prime factors of h.
2, 1699
Suppose -54*t + 55*t = 75. Let p = 21 